8520. Give m(4).
4
Let y(a) = 38*a**2 - 18*a + 167. Give y(6).
1427
Let l(x) = 5*x**2 + 53*x + 5. Determine l(-7).
-121
Let o(w) = 141*w**2 + 561*w - 28. Give o(-4).
-16
Let y(p) = 165*p - 654. Determine y(4).
6
Let j(g) = -119*g + 17519. Determine j(147).
26
Let g(k) = 84*k + 141. Calculate g(-2).
-27
Let s(d) = -9*d**3 - 118*d**2 - 18*d - 75. Give s(-13).
-10
Let l(s) = -5*s**2 - 15*s + 85. Determine l(0).
85
Let b(i) = -161*i**2 + 1128*i - 13. Give b(7).
-6
Let z(n) = -28*n + 1964. Determine z(70).
4
Let o(d) = -6*d + 107. Give o(12).
35
Let y(f) = -2*f**3 + 74*f**2 + 51*f - 1893. Calculate y(37).
-6
Let z(x) = -3*x**2 + 22*x - 97. Determine z(8).
-113
Let o(p) = 365*p + 25248. Determine o(-69).
63
Let x(k) = 163*k - 35382. Give x(217).
-11
Let y(k) = 3*k**2 - 56*k + 165. What is y(15)?
0
Let o(z) = 2036*z - 6113. Determine o(3).
-5
Let o(r) = 2*r**2 + 109*r - 532. What is o(5)?
63
Let l(c) = c**3 - c**2 + 4188*c + 8370. What is l(-2)?
-18
Let l(h) = -2*h**2 - 93*h - 507. Calculate l(-42).
-129
Let i(f) = -16*f**2 - 4*f - 24. What is i(-4)?
-264
Let q(p) = 2*p**3 + 31*p**2 - 17*p - 7. Determine q(-16).
9
Let x(d) = 684*d - 682. Calculate x(1).
2
Let y(m) = 22*m**2 - 13*m + 7. Calculate y(4).
307
Let u(g) = g**2 + 46*g - 512. What is u(10)?
48
Let q(z) = 952*z + 152306. Determine q(-160).
-14
Let i(b) = -49*b - 2560. Calculate i(-53).
37
Let v(x) = 168*x + 28715. What is v(-171)?
-13
Let w(j) = 54*j + 122. Give w(-4).
-94
Let l(t) = 128*t - 11. Calculate l(1).
117
Let d(a) = -2*a**3 - 39*a**2 + 275*a - 2. Give d(-25).
-2
Let l(t) = 3*t - 98. Calculate l(31).
-5
Let h(z) = z**2 + 20*z - 545. What is h(-34)?
-69
Let u(z) = -2*z**3 - 124*z**2 - 233*z + 447. Give u(-60).
27
Let r(a) = a**2 + a - 10. Determine r(-3).
-4
Let d(f) = 20*f + 116. What is d(-13)?
-144
Let b(x) = 11753*x + 11. Calculate b(0).
11
Let a(i) = -44*i**3 + 4*i**2 - 8*i + 5. Calculate a(1).
-43
Let l(y) = 2*y**3 - 28*y**2 - 54*y + 329. Calculate l(15).
-31
Let o(n) = -n**2 + 126*n + 382. Calculate o(-3).
-5
Let a(l) = -6613*l - 39677. Give a(-6).
1
Let m(n) = -71*n - 118. Calculate m(-5).
237
Let z(b) = b**3 - 8*b**2 - 128*b + 19. Calculate z(16).
19
Let m(f) = 9*f**3 + 10*f**2 + 40*f - 4. Determine m(-3).
-277
Let j(c) = 23*c + 520. What is j(-25)?
-55
Let q(u) = -u**3 + 38*u**2 - 68*u + 2576. Give q(38).
-8
Let x(q) = q**3 + 27*q**2 + 28*q + 41. Calculate x(-26).
-11
Let h(d) = -399*d + 6378. What is h(16)?
-6
Let x(r) = -4*r**2 + 171*r - 335. Calculate x(2).
-9
Let x(f) = -73*f**2 + 215*f + 24. Calculate x(3).
12
Let h(u) = -4*u**2 - 24*u + 3. Give h(-6).
3
Let r(u) = 2*u**2 + 62*u + 157. What is r(-29)?
41
Let k(x) = -x**2 - 25*x + 163. Calculate k(-29).
47
Let b(i) = -23*i**3 + 252*i**2 + 17*i - 73. What is b(11)?
-7
Let g(q) = -q**3 + 57*q**2 - 118*q + 451. Determine g(55).
11
Let f(u) = -16*u + 334. Give f(22).
-18
Let v(g) = 87*g**2 - 110*g - 3. What is v(1)?
-26
Let n(s) = 190*s**3 - 3*s - 3. Give n(-1).
-190
Let y(n) = -70*n**2 - 11*n + 10. What is y(1)?
-71
Let f(w) = w**3 - 18*w**2 - 1525*w - 185. What is f(-31)?
1
Let m(z) = z**3 - 10*z**2 + 7*z - 38. Give m(11).
160
Let i(o) = -123*o - 971. What is i(-8)?
13
Let b(y) = y**2 + 68*y - 1245. Give b(-83).
0
Let j(r) = 4*r**2 + 61*r + 193. Determine j(-3).
46
Let p(b) = -b**3 - 25*b**2 + 15*b - 1053. Give p(-27).
0
Let v(w) = w**3 + 18*w**2 - 17*w + 118. Give v(-19).
80
Let k(d) = -d**2 + 32. Determine k(15).
-193
Let u(r) = 5*r**2 - 113*r - 355. Give u(-3).
29
Let d(m) = -3*m**3 + 5*m**2 + 21*m - 46. Give d(5).
-191
Let t(x) = -2*x**2 + 116*x - 113. Calculate t(57).
1
Let g(o) = o**3 - 67*o**2 - 793*o + 8287. Determine g(76).
3
Let c(o) = 27*o + 1209. Determine c(-44).
21
Let y(c) = -59*c - 596. What is y(-10)?
-6
Let z(g) = 2*g**2 - 5*g - 5. Determine z(5).
20
Let y(i) = i**2 - 113*i - 1355. Calculate y(124).
9
Let n(j) = j**3 + 30*j**2 - 44*j - 385. Determine n(-31).
18
Let u(h) = -7*h - 115. Give u(-27).
74
Let c(y) = -y**3 - 14*y**2 - 35*y - 176. Give c(-12).
-44
Let p(m) = -m**3 + 88*m**2 + 1422*m - 79. Give p(-14).
5
Let r(h) = h**2 + 209*h - 3373. Determine r(15).
-13
Let u(j) = 2*j - 175. Give u(88).
1
Let d(h) = h**3 - 3*h**2 - 5*h - 7. Calculate d(3).
-22
Let c(x) = -x**3 + 52*x**2 - 339*x + 3. What is c(8)?
107
Let v(b) = b**3 - 6*b**2 + 2*b - 15. Determine v(6).
-3
Let i(a) = -3*a**3 + 93*a**2 - 97*a + 215. Give i(30).
5
Let l(j) = -164*j**2 - 6887*j + 40. What is l(-42)?
-2
Let a(v) = v**3 + 14*v**2 + 16*v - 27. Calculate a(-6).
165
Let w(z) = 22*z - 140. Calculate w(13).
146
Let s(w) = 27*w + 21. Calculate s(-3).
-60
Let k(y) = y**3 + 64*y**2 - 3331*y - 26. Calculate k(34).
8
Let o(i) = 17*i + 686. Determine o(-48).
-130
Let l(m) = m**3 - 22*m**2 - 398*m - 382. Determine l(-11).
3
Let f(w) = -35*w**2 - 34*w - 2. Determine f(-1).
-3
Let d(a) = -a**2 - 12*a + 579. Determine d(19).
-10
Let r(a) = -14*a + 33. What is r(-12)?
201
Let n(c) = 6*c**2 + 436*c - 137. Calculate n(-73).
9
Let d(u) = -u**3 - 31*u**2 - 13*u + 1900. Give d(-28).
-88
Let u(z) = 11*z**2 - 10*z + 169. Determine u(8).
793
Let n(l) = 48*l + 1019. Calculate n(-7).
683
Let r(y) = 305*y - 1874. Give r(7).
261
Let u(i) = -i**3 - 19*i**2 + 142*i - 18. What is u(-24)?
-546
Let x(f) = f**3 - 3*f**2 + 3*f - 144. Calculate x(0).
-144
Let i(v) = v**2 + 152*v + 580. Determine i(-148).
-12
Let l(t) = -2108*t - 10534. Calculate l(-5).
6
Let j(b) = -19*b - 103. What is j(-3)?
-46
Let k(q) = -q**2 + 146*q - 1235. Determine k(9).
-2
Let o(z) = -2*z + 32. Calculate o(17).
-2
Let w(j) = -87*j - 6172. Calculate w(-71).
5
Let r(l) = -1118*l - 6712. Give r(-6).
-4
Let z(c) = 33*c + 141. Give z(-8).
-123
Let v(w) = -43*w + 203. Give v(-6).
461
Let s(x) = -198*x**3 + 1188*x**2 + 3*x - 15. Determine s(6).
3
Let q(m) = 58*m**2 - 3*m + 6. Calculate q(1).
61
Let r(z) = -458*z + 659. Calculate r(2).
-257
Let m(z) = -62*z + 979. Give m(16).
-13
Let y(q) = -6*q**2 + 40*q - 56. Determine y(2).
0
Let n(z) = 32*z**2 - 215*z - 331. What is n(8)?
-3
Let s(y) = 23*y**2 - 18*y - 43. Determine s(-2).
85
Let b(r) = 83*r + 6393. Give b(-77).
2
Let p(n) = n**3 - 20*n**2 + 26*n - 20. Give p(8).
-580
Let i(w) = -18324*w - 403131. Determine i(-22).
-3
Let s(o) = 44*o**2 + 1853*o - 1671. Give s(-43).
6
Let t(k) = 20*k + 268. Determine t(-11).
48
Let y(w) = 72*w - 1922. Give y(27).
22
Let c(w) = -w**3 + 33*w**2 - 7*w + 214. Calculate c(33).
-17
Let f(k) = -k**3 + 6*k**2 + 83*k - 261. What is f(11)?
47
Let f(g) = 43*g - 671. Determine f(16).
17
Let d(j) = j**3 + 29*j**2 + 141*j + 16. Determine d(-6).
-2
Let j(n) = 22*n - 294. Give j(23).
212
Let b(f) = 216*f + 224. Calculate b(-1).
8
Let u(w) = -w**2 - 376*w + 55865. Determine u(114).
5
Let r(g) = -755*g - 8309. Give r(-11).
-4
Let d(c) = 3*c**2 - 2*c + 24. Give d(-8).
232
Let k(y) = 8*y - 456. Calculate k(16).
-328
Let n(u) = 129*u - 8322. Calculate n(64).
-66
Let g(t) = -37*t - 62. Calculate g(-1).
-25
Let q(z) = -z**2 + 588*z - 5212. Calculate q(9).
-1
Let w(y) = -2*y**3 - 39*y**2 + 3*y - 7. Give w(-20).
333
Let w(y) = -3*y**3 - 32*y**2 + 86*y - 91. Calculate w(-13).
-26
Let u(h) = -h**3 + 2*h**2 - 2*h - 33. Determine u(-3).
18
Let c(x) = -x**3 + 9*x**2 + 25*x + 10. Give c(11).
43
Let a(j) = 11*j + 26. What is a(6)?
92
Let r(y) = 3*y**3 - 288*y**2 + y - 93. Calculate r(96).
3
Let n(o) = -o**3 + 44*o**2 - 86*o - 7. Give n(42).
-91
Let p(n) = -n**3 - 14*n - 113. Calculate p(-4).
7
Let t(x) = -281*x + 49137. Calculate t(175).
-38
Let y(c) = -5*c**2 - 11*c - 10. Determine y(-1).
-4
Let w(q) = 3940*q + 90614. Give w(-23).
-6
Let n(q) = 34*q + 182. What is n(-7)?
-56
Let h(o) = 1118*o + 12297. Calculate h(-11).
-1
Let i(f) = f**3 + 24*f**2 - 4*f - 14. Calculate i(-24).
82
Let j(a) = 4*a**3 + 170*a**2 - 87*a - 25. Give j(-43).
18
Let z(h) = -h**3 + 7*h**2 + 17*h - 11. Calculate z(7).
108
Let x(f) = 5*f**3 - 9*f**2 - 13*f + 2. Give x(3).
17
Let p(w) = 4*w + 4. Calculate p(10).
44
Let m(z) = 2*z**2 + 112*z + 680. Calculate m(-46).
-240
Let k(d) = -3*d**3 - 63*d**2 - 92*d + 416. What is k(-19)?
-2
Let y(k) = -k**2 + 26*k - 9. What is y(0)?
-9
Let c(q) = 10*q**3 + 98*q**2 + 73*q + 1. What is c(-9)?
-8
Let x(s) = s**3 + 10*s**2 + 54*s + 773. Give x(-11).
58
Let l(r) = 302*r**2 - 3926*r - 7. Give l(13).
-7
Let c(u) = -25*u**2 - 89*u - 459.